the prime factors of p.
2, 3, 7
Let k = -2 + -20. Let b = 31 + k. What are the prime factors of b?
3
Let z(g) be the first derivative of 5*g**2/2 - 9*g - 6. List the prime factors of z(4).
11
Suppose 1733 - 382 = 7*q. List the prime factors of q.
193
Suppose 4*d - 2 = 2*d. Let f = d - -2. List the prime factors of 3*4/18*f.
2
Let f = 135 + -62. List the prime factors of f.
73
Let a(q) = 5*q**3 + 14*q**2 + 17*q - 17. Let z(t) = -4*t**3 - 13*t**2 - 16*t + 16. Let i(c) = -5*a(c) - 6*z(c). List the prime factors of i(9).
7
Suppose 0 = 2*t - 4, -3*t - 126 = -5*m + 2*m. Suppose f = -3*o + m, -o + f + 8 = -0. List the prime factors of o.
13
List the prime factors of -55*(12/5)/(-3).
2, 11
Let o be (-2)/(-9) + (-10)/45. List the prime factors of (1 - o)*(4 + 8).
2, 3
Suppose -2*d + 2*v - 6*v + 430 = 0, 0 = -4*d + v + 824. List the prime factors of d.
3, 23
Let o = 12 - 7. Suppose -5*r + 6 = -d, 3*d + 0 = 3*r + 6. Suppose -s - r*s - 14 = -w, 0 = o*w + 2*s - 36. What are the prime factors of w?
2
Suppose -20 = 4*g - 0*g, 3*u = 5*g + 64. What are the prime factors of (-2 - -5) + 3 + u?
19
Suppose 3*a + 9 = 0, 2*p = -2*a + a - 3. Suppose 4*x = d + 54, 3*x = -2*d - p*d + 46. What are the prime factors of x?
2, 7
What are the prime factors of 166/6 + 7/21?
2, 7
Let y be 2/(-5) - 1401/(-15). List the prime factors of (-4)/(-6) + y/9.
11
Let f = -10 - -7. What are the prime factors of (f/(-3))/(2/32)?
2
Suppose 150 = -5*f + 6*f. Suppose -f = -6*p + 18. List the prime factors of p.
2, 7
Let j = -66 + 134. Suppose 8 - j = -5*u. List the prime factors of u.
2, 3
Let g be (-1)/4 + (-36)/(-16). Suppose -g*j = -0*j - 4*a - 4, 5*j + 5*a - 25 = 0. Let q(t) = 2*t - 3. List the prime factors of q(j).
5
Let q = 6 + 9. Suppose 5*p - 5*t = -3*t + 77, p - 5 = 3*t. Suppose 2*g - q = -4*u + g, 3*u = 5*g + p. List the prime factors of u.
2
Let d be 26/(-3)*(-12 + 9). List the prime factors of 4/(-16) + d/8.
3
Let j(i) = i**2 + 4*i - 10. List the prime factors of j(-7).
11
Suppose 7 = 4*p - 9. Suppose -2*b = 5*d - 19, p*d = -b - 0*d + 11. Let v = b - -4. List the prime factors of v.
11
Let j(c) = 66*c + 8. What are the prime factors of j(1)?
2, 37
Let h = 212 - 9. What are the prime factors of h?
7, 29
Suppose -58 = -3*h + 29. What are the prime factors of h?
29
Suppose 3*t - 27 = -2*d, -d + 50 = 4*d + 4*t. List the prime factors of d.
2, 3
Suppose 4*c + 0*c = 4. Let s be (-3 + c + 1)*1. Let b(d) = -22*d**3 + d**2 - 1. List the prime factors of b(s).
2, 11
Let v = -7 + 10. Suppose -18 = -v*f - 3. What are the prime factors of f?
5
Let z = -11 + 14. Suppose z*w + 3*n - 48 = 0, -4*n - 87 = -5*w - 16. List the prime factors of w.
3, 5
Suppose -3*k = 14 + 1, 5*y = -5*k + 280. What are the prime factors of y?
61
Let z = -16 + 34. Let x = z + -11. List the prime factors of x.
7
Let u(y) = -25*y**3 + y**2 - 1. Suppose v = 4*v + 3. Let p be u(v). Suppose 0*w - 4*f = -3*w + p, -4*w + 2*f = -40. List the prime factors of w.
11
Let g(u) = -u. Let p(t) = t**2 - t - 5. Let d(y) = -3*g(y) + p(y). Let h be d(-4). Suppose -m = -h*a + 17, 2*m + 1 = 2*a - 17. List the prime factors of a.
2
Suppose 3*m - 5*m + 42 = 0. List the prime factors of m.
3, 7
List the prime factors of (-670)/(-2) - 4 - 6.
5, 13
Let n be ((-7)/2 - -3)*-6. Suppose 4*o = 4*g + 2*o - 78, -4*g - n*o + 103 = 0. List the prime factors of g.
2, 11
Suppose 4*v + 6 = 5*v. What are the prime factors of v?
2, 3
Suppose 0 = -3*c + 4*n + 7, -2*n - 6 = -2*c - 2*c. Let q(h) = c + 0 + 3*h**2 + 2*h - 2. List the prime factors of q(-2).
7
Let d(s) be the second derivative of s**4/12 + 4*s**3/3 + 2*s**2 - s. Let g be d(-6). Let p = -6 - g. What are the prime factors of p?
2
Suppose 0 = 4*j - 195 + 51. What are the prime factors of j?
2, 3
Suppose 2*f - 5*x - 99 = 0, -f - 3*x - 1 = -34. What are the prime factors of f?
2, 3, 7
Let l(d) be the first derivative of -12*d + 3 + 7/2*d**2 + 10/3*d**3 + 1/4*d**4. What are the prime factors of l(-9)?
2, 3
Let n = 61 + 28. What are the prime factors of n?
89
Let q = 140 - 138. Let k = 51 + -27. Suppose 6*t - q*t = k. List the prime factors of t.
2, 3
Suppose 54 = f - 80. What are the prime factors of f?
2, 67
Suppose -3*j + 9 = 3*w, -3 = -2*w - 3*w + j. Let o(t) = 14*t - 1. List the prime factors of o(w).
13
Let y = 187 - 110. What are the prime factors of y?
7, 11
Suppose 4*u + r - 151 = u, -212 = -4*u - 4*r. Let d = -3 + u. List the prime factors of d.
2, 23
Let z(d) = 191*d - 6. List the prime factors of z(1).
5, 37
Suppose -3*u = 2*x - 5*x + 45, 5*x + u - 45 = 0. Suppose x = -5*j, 4*j + 158 = -2*a + 7*a. What are the prime factors of a?
2, 3, 5
Let p(k) = -k**2 + 4*k + 5. Let s be p(5). Suppose 0 = 4*v - 16, 2*d - 4*d - 2*v = 8. Let h = s - d. What are the prime factors of h?
2
Suppose -3*i + 7 = -2. Suppose -9 = -a + i. List the prime factors of a.
2, 3
Suppose 5*s - 4*d + 0*d - 219 = 0, -3*d = -4*s + 176. List the prime factors of s.
47
Let x(m) = -1. Suppose 5*n + 1 = 31. Let g(a) = -a**3 - a**2 + a + 8. Let w(i) = n*x(i) + g(i). List the prime factors of w(-2).
2
Suppose 3*f - 5 = -2*f, b = 5*f + 14. What are the prime factors of b?
19
Let m be -1 - 0 - (1 - 4). Suppose 0 = -m*h + 11 + 13. List the prime factors of h.
2, 3
Let k be (-24)/9 - 2/(-3). Let o(r) = 3*r - 2. Let j be o(2). Let b = k + j. What are the prime factors of b?
2
Suppose 0 = -2*z + 68 + 24. What are the prime factors of z?
2, 23
Let n(s) = s - 1. Let h be n(1). Let z = 23 - 15. Let g = h + z. List the prime factors of g.
2
Let i be ((-77)/(-33))/(2/(-6)). Let l = i - -11. What are the prime factors of l?
2
Suppose -1 + 5 = -4*y. Let g(d) = -4*d**2 - 1. Let b be g(y). What are the prime factors of 2/10 + (-54)/b?
11
Let w = -148 + -54. Let g = -127 - w. Suppose 0 = 3*u - 2*x - 42, -5*u + 6*x = x - g. List the prime factors of u.
2, 3
Let w = -89 - -144. List the prime factors of w.
5, 11
Suppose 0 = 2*y - 5*o - 44, 2*y - 5*o = 5*y - 66. Suppose -j + 8 + y = 0. List the prime factors of j.
2, 3, 5
Let u(v) = 33*v**2 + 4*v - 5. What are the prime factors of u(-2)?
7, 17
What are the prime factors of (-192)/(-5) - (-6)/(-15)?
2, 19
List the prime factors of (1 + -6)*112/(-10).
2, 7
Let y be (-455)/63 + (-2)/(-9). Let n be 4/(-14) + (-23)/y. Suppose 0 = -5*j + n*j + 3*t + 41, -4*j - 5*t = -93. What are the prime factors of j?
2, 11
Suppose -3*p + 23 = -28. Let r = p - 14. What are the prime factors of r?
3
Let p = -35 + 19. Let l = 28 + p. What are the prime factors of l?
2, 3
Let j(o) = 5*o**3 + 2*o**2 + 2*o + 1. Let z be j(-1). Let h be 3/z + 1/(-4). What are the prime factors of (-9)/h + 0 - 1?
2
Suppose 0 = b - 5*b + 88. Let z = b - -6. What are the prime factors of z?
2, 7
Let d(f) = -f**3 - f**2 - f - 1. Let r be d(-2). Suppose 50 = r*z - 5. What are the prime factors of z?
11
Let s = 80 + -46. What are the prime factors of s?
2, 17
Suppose -2*b + 6 = 2*s, -b - 3*b + 22 = -s. Suppose 5*r + h = 104, 2*h + 46 + 46 = b*r. What are the prime factors of r?
2, 5
Suppose -5*b = k - 42 - 8, 0 = -2*b - 5*k + 20. What are the prime factors of 398/b + 14/70?
2, 5
Suppose -n = 0, -68 = -3*h - 3*n + 49. What are the prime factors of h?
3, 13
Let l be ((-2)/6)/(2/(-30)). Let o(q) = -1 + 3 - l*q - 4. What are the prime factors of o(-2)?
2
Let a be 3/(-21) - 108/(-21). Let z(j) be the second derivative of -j**5/20 + 7*j**4/12 - 4*j**3/3 + 3*j**2/2 - j. List the prime factors of z(a).
13
Suppose 0*g = 4*g. Suppose -3*x = -g - 9. Suppose 4*i + 12 = 2*s + x*i, -2*s + 3*i = -20. List the prime factors of s.
2
Suppose 0 = 4*l - 15*l + 3223. What are the prime factors of l?
293
Suppose -3*i - 16 = -7*u + 2*u, 4*i - 17 = -u. Let y be (-2)/(5/i - 1). Let a = y + 21. What are the prime factors of a?
2, 3
List the prime factors of (-5)/((-15)/(-6)) + 131.
3, 43
Suppose -5*f + 5*t = -65, -2*t - 11 = -3. What are the prime factors of f?
3
Suppose 1 + 2 = q. Suppose 0*d - 33 = -q*d. List the prime factors of d.
11
Let w(l) = -l. Let v be w(-4). Let d(u) = u**3 - 3*u**2 + 5*u + 4. What are the prime factors of d(v)?
2, 5
Let b(o) = o + 2. Let z be b(-4). Let y = z + 2. Suppose 0 = -3*j - y + 9. What are the prime factors of j?
3
Let u = -2 + -4. Let j = u - -5. List the prime factors of (-4)/j - (-2 - -2).
2
Suppose 5*g + 24 = 2*g. Let b be (-26